t r be 4*-2*(-190)/16. Let z(b) = b**3 - 5*b**2 - b - 7. Let p be z(6). Suppose 0 = t - p - 15. Calculate the highest common divisor of r and t.
19
Suppose 2*m - 3*m + 6 = 0. Let n = -4 + m. What is the greatest common divisor of n and 4?
2
Let z = 58 - 4. Let l be 44/10 + 8/(-20). Let k be (4/6)/(l/z). What is the highest common factor of k and 36?
9
Let y = 15 + -5. Let x(p) = 80*p**2 + p - 1. Let f be x(1). What is the greatest common divisor of f and y?
10
Let k(n) = -n**3 + 2*n**2 + 4*n + 3. Let h be k(-2). Suppose x - 2*x = h. Let c = 15 + x. Calculate the highest common factor of c and 8.
4
Suppose -16 = -4*m, -2*m - 87 = -4*w - 35. What is the greatest common divisor of w and 105?
15
Suppose h + 0*h - 202 = 3*v, 2*h = -2*v + 420. What is the highest common divisor of h and 26?
26
Suppose 3*q + y + 4 = 37, q - 2*y - 4 = 0. Let s be 2/8 - 33/(-12). Suppose s*t - 5*t + 140 = 0. Calculate the highest common factor of q and t.
10
Let i(h) = h**3 + 5*h**2 - 3*h - 13. Let q be i(-3). What is the greatest common factor of 98 and q?
14
Let b = 27 + -22. Suppose -90 + 30 = -4*u. Let z = b + u. Calculate the greatest common divisor of z and 4.
4
Let f(b) = -b**2 + 4*b + 4. Let w be f(4). Suppose c = 4*d + 6, w*c - 4*d - 15 - 9 = 0. What is the highest common factor of c and 2?
2
Let b(n) = -2*n**2 + 3 + 1 + 10*n**2 - n**3 - 2*n**2 - 5*n. Let l be b(5). What is the highest common divisor of 6 and l?
2
Suppose -2*b + 55 = -15. What is the greatest common factor of b and 280?
35
Let l(q) = 3*q. Let b be l(8). Calculate the highest common divisor of 3 and b.
3
Suppose -5*w - 10 = r + 2, -3*w = -3*r - 90. Let k be (6 + r)/(-1*1). Let b = -348 - -537. Calculate the highest common divisor of k and b.
21
Suppose u = 4*u. Suppose -2*t - 8 + 44 = u. Suppose 3*h - t = h. What is the highest common divisor of 9 and h?
9
Suppose 4*z = -0*z + 12. Let c be (4 - 1)*2/3. Suppose -c*f + 8 = -22. What is the greatest common divisor of f and z?
3
Let u(g) = 4*g - 61. Let v be u(17). Suppose 0 = 3*n - 41 - 22. What is the highest common factor of n and v?
7
Suppose -4*y = 2*w - 6 - 16, -2*w - 2*y + 16 = 0. Let m be 2/w*(42 + 3). Calculate the greatest common factor of m and 9.
9
Let r be 87 - 1/(-3)*3. Suppose 17 = 7*k - r. Calculate the greatest common divisor of k and 135.
15
Suppose 2*n - g + 3*g - 14 = 0, -5*g = n + 9. Let l(r) = r**2 - 11*r + 12. Let b be l(n). What is the greatest common factor of 18 and b?
6
Suppose 0 = -4*a + 3*p + 104, -5*a - 5*p + 37 + 93 = 0. Let z = -40 - -64. Suppose -a = -5*b + z. Calculate the greatest common divisor of 70 and b.
10
Let z = -14 + 82. Calculate the highest common factor of z and 170.
34
Let w be 4 - 0/(4/2). Let v(i) = 21*i**2 + 4*i - 2*i - 10*i**2 - 8*i**2. Let a be v(w). Calculate the highest common divisor of a and 14.
14
Let y = 19 - 4. Let m(v) = 10*v**3 - 2*v**2 + v + 1. Let o be m(2). What is the greatest common factor of y and o?
15
Let b(y) = -4*y**3 - 6*y**2 + 5. Let o(q) = -q**3 - q. Let s(u) = -b(u) + 3*o(u). Let d be s(-6). What is the highest common factor of d and 26?
13
Let w = -52 - -62. Calculate the highest common factor of 10 and w.
10
Let n be (-76)/(-18) + 4/(-18). Suppose r = 4*r + n*t - 24, -r = 2*t - 8. Calculate the highest common divisor of 12 and r.
4
Let f be (-332)/(-11) - (-8)/(-44) - 3. Calculate the highest common divisor of f and 3.
3
Let m = -9 + 19. Calculate the highest common factor of 5 and m.
5
Suppose 4*l + 5*n - 58 = 0, 2*l - 20 = -0*l + 2*n. What is the highest common factor of l and 4?
4
Let w be 11 - 0 - (13 - 14). Let y = 20 - w. What is the highest common divisor of y and 8?
8
Let g = 267 - 148. Let f be ((-6)/(-18))/((-1)/(-6)). Suppose -4*u = -f*u - 34. What is the highest common divisor of g and u?
17
Suppose 11 = 3*f - 1. Let n = f + 14. What is the highest common divisor of n and 12?
6
Let k(c) be the second derivative of -5/12*c**4 + 0 - 2*c - 3/2*c**2 - 5/6*c**3 - 1/20*c**5. Let j be k(-4). What is the greatest common divisor of j and 3?
1
Suppose -50 = -4*a + 78. What is the greatest common factor of 128 and a?
32
Let c(f) = 2*f**2 - 4*f + 3. Let m be c(2). Let y(i) = 159*i - 2. Let k be y(m). Suppose d + k = 6*d. What is the greatest common divisor of 38 and d?
19
Let h be (-25)/(-2) - 6/(-4). Let m be (h + -4)*(-3)/(-6). Calculate the greatest common factor of 15 and m.
5
Suppose -2*f = -8 - 18. Let q = f + -1. What is the greatest common factor of 108 and q?
12
Suppose -16 = 5*i + 9. Let q be (-4)/10 - 22/i. What is the greatest common factor of 16 and q?
4
Let p = 89 - -23. What is the highest common factor of p and 28?
28
Let g(q) = 18*q + 0 - 3 + 0. Let s be g(6). What is the highest common factor of s and 42?
21
Let a(w) = -5*w**3 + 2*w - 1. Let c be a(1). Let s be ((-27)/c)/(-3)*-16. Suppose -d = -0*d - s. Calculate the greatest common factor of 12 and d.
12
Suppose -29 = 2*u - 329. Let l be u/(-4)*64/(-40). Calculate the greatest common factor of 12 and l.
12
Let h = -3 + 3. Let x = 474 - 144. Suppose h = y - 6*y + x. Calculate the greatest common factor of y and 22.
22
Let m = 11 - 7. Suppose -3*z + m*z - 5*t = 27, 0 = 3*z + t - 1. What is the highest common divisor of z and 22?
2
Let u be 4/(-6) + (-40)/(-6). Let w be (-8)/(-10)*135/u. Let z be (-2)/((-2)/6 - 0). Calculate the greatest common factor of w and z.
6
Suppose 0 = 2*f - 190 - 216. Let m = f + -138. Calculate the highest common factor of 26 and m.
13
Let s(c) = -5*c + 0*c - 2*c**3 + 9*c**2 - 2*c**3 + 3 + 3*c**3. Let w be s(4). What is the highest common factor of 7 and w?
7
Let g = 4 - 2. Suppose -4*o = 3*r + 19, 8*o + r = 3*o - 10. Let y = o + g. What is the highest common divisor of y and 2?
1
Let n(q) = 2*q**3 + 48*q**2 + 15. Let g be n(-24). Let c = -45 - -75. What is the greatest common factor of g and c?
15
Suppose -3*t = -t - 5*i - 26, i - 11 = -5*t. Let w = t + 9. Suppose -2*z = 2*z - 120. Calculate the highest common factor of z and w.
6
Let d(l) = 45*l - 8. Let b be d(7). Suppose 3*k + 5*m - 134 = 59, 5*k - b = -m. Suppose 9 = 5*y - k. What is the highest common factor of 2 and y?
2
Suppose -118 = -2*f + 8*p - 4*p, -2*f + 116 = -5*p. Calculate the greatest common divisor of 21 and f.
21
Let r = -17 - -33. Let z = 17 - r. Calculate the greatest common divisor of 11 and z.
1
Suppose -4*y + 18 = -5*v, -y + 4*v - 5*v = 0. Calculate the greatest common factor of y and 6.
2
Let b = 0 + 33. What is the highest common factor of 33 and b?
33
Let c = 56 + 70. Suppose 0*b - 4*b - 74 = -5*v, 0 = -5*v - b + 94. Calculate the greatest common divisor of c and v.
18
Let k(x) = 3*x - 5. Suppose -4*m = -4*i, 3*m - i - 4*i = -6. Let c be k(m). Calculate the highest common divisor of 4 and c.
4
Suppose 25 = 5*p, 4*h - 4*p - p - 55 = 0. What is the greatest common factor of h and 4?
4
Let w = 16 + -13. Suppose 4*d - 3*d + 6 = 4*a, w*d - 2*a - 22 = 0. What is the highest common factor of d and 30?
10
Let h(u) = -u**3 + 13*u**2 - 11*u - 9. Let y be h(5). Suppose d = 2*m - 37, -3*m = -2*m - 3*d - 26. Calculate the greatest common divisor of y and m.
17
Let s = -2 + 10. Let f = 20 - s. What is the greatest common divisor of f and 12?
12
Let o be 5/30 - 166/(-12). Calculate the highest common factor of o and 42.
14
Suppose -y = 5*r - 354, -4*y + 366 = 5*r - 0*y. Calculate the greatest common divisor of r and 10.
10
Suppose 5*c - b + 6 = 68, 4*c - 38 = -5*b. Calculate the highest common factor of 18 and c.
6
Suppose 3*m + 46 = 3*c + 175, m - 27 = -3*c. Let b be (-14 - -20) + (7 - (3 + -3)). Calculate the greatest common divisor of b and m.
13
Let t(y) = y**2 - 6*y. Let u be t(-5). Calculate the greatest common divisor of u and 11.
11
Let d be 2/(-3) + (-534)/(-18). Let v = d - 17. Calculate the greatest common divisor of 30 and v.
6
Let c be ((-3)/1)/((-3)/2). Calculate the greatest common factor of c and 8.
2
Let w be ((-3)/((-24)/100))/((-2)/(-12)). Calculate the greatest common divisor of 100 and w.
25
Let j be (-1 - 1)*28/1. Suppose -4*l = -0*l + 16, -4*l = u + 9. Let o = u - j. Calculate the highest common factor of 7 and o.
7
Let r(u) = -u**3 - 10*u**2 - 27*u + 6. Let i be r(-6). What is the greatest common divisor of i and 16?
8
Let z(n) = n + 33. Let x be z(-17). What is the highest common divisor o